 c(1).
10
Suppose -5*g + 4 + 3 = 3*d, -3*d - 2*g + 1 = 0. Let r be (1 - d)/(2/4). Let c(p) = p**2 - 5*p + 1. Calculate c(r).
-3
Let l = 3/8 - 5/24. Let p(c) be the third derivative of -2*c**2 + 0*c + 0 + 1/12*c**4 + 1/30*c**5 - l*c**3. Calculate p(-2).
3
Let z(q) = -q**3 - q**2 + 2*q - 4. Let l be -1*(5 - 0)/1. Let i = 2 + l. Determine z(i).
8
Let p(w) = 38*w - 40*w + 5*w**3 - 4*w**3 + 2*w**2. Let a be p(-3). Let c(q) = -6*q**2 - q - 5. Let y(f) = -f**2 - 1. Let u(j) = -2*c(j) + 11*y(j). Give u(a).
2
Let x(u) = -3*u**2 - 25*u - 11. Let c(m) = -m**2 - 12*m - 5. Let w(y) = 5*c(y) - 2*x(y). Let s be w(10). Let n(h) = h**2 + 2*h + 3. Determine n(s).
6
Let c(y) be the second derivative of -y**3/6 + 7*y**2/2 + 5*y. What is c(5)?
2
Let r(c) = -3*c**2 - 4*c - 1. Let v(x) = 0 + x**2 + 5*x + 1 + 3*x**2. Let d(k) = -5*r(k) - 4*v(k). Suppose -y - y = 4*o + 6, 0 = 4*y - 4*o. Calculate d(y).
0
Let r(p) be the first derivative of -p - 2*p**3 - 7/2*p**2 - 1 - 1/4*p**4. Calculate r(-5).
9
Let u(x) = x - 1. Let b be u(6). Let k = 69 - 65. Let l = k - b. Let j(o) = -o. Give j(l).
1
Let s(a) be the first derivative of 2*a**3/3 + a**2 - 4*a - 11. What is s(-3)?
8
Let d = 10 - 0. Let i(h) = 1. Let u(n) = n - 8. Suppose 2 = -5*t + 12. Let o(w) = d*i(w) + t*u(w). Determine o(4).
2
Let i(w) = -7*w - 3 - 4*w + 9 - 7. Give i(1).
-12
Let n(k) = -k**3 + 6*k**2 - k + 7. Let b be 0/(-4 + (-2)/(-1)). Let h = b + 4. Suppose -h*j - j = -30. Determine n(j).
1
Let b(s) = 35*s - 10*s - 6 - 10*s - 16*s. Give b(-5).
-1
Let h(g) = 13*g - 3. Let m(n) = -6*n + 1. Let i(d) = 4*h(d) + 9*m(d). Calculate i(4).
-11
Suppose 4*x + 13 - 37 = 0. Let r(s) = -2*s + 9. Give r(x).
-3
Let s(v) = v - 6. Let i(f) = 3*f - 3. Let u be 3/(-5)*5/(-1). Let d be i(u). Calculate s(d).
0
Let f = -23 + 21. Let s(l) = l**2 - l + 2. What is s(f)?
8
Suppose 0 = -2*b + 6*b - 24. Suppose -b*z = -z + 25. Let n(y) = -4*y + 8. Let f(w) = -w + 3. Let m(a) = -7*f(a) + 2*n(a). Give m(z).
0
Let a(j) = 30*j - 36. Let q(k) = 6*k - 7. Let s(f) = 3*a(f) - 16*q(f). Let x(p) = -p + 1. Let u(n) = s(n) - 3*x(n). Give u(1).
-2
Let b(z) = -z + 7. Let x be b(5). Let a(v) = -x*v + v - 1 + 4 + 0*v. Give a(0).
3
Let l(y) = -2*y**2 + y - 1. Let q(m) = m**2 - m. Let x(k) = -2*l(k) - 5*q(k). Let a(w) be the first derivative of x(w). Give a(2).
-1
Let a(v) = -v + 3*v - 6 - 5*v + 2*v. Give a(-7).
1
Let k(a) = -5*a**3 + 4*a**2 + 3. Let c(i) = -i**3 - i**2 - 1. Let u(h) = -3*c(h) - k(h). Give u(-1).
-9
Suppose -4*g + 32 - 8 = 0. Suppose 14 = 5*a - g. Let s(p) = -3*p**2 - p**3 + a*p - p + 1 + 2*p**2 - p. Give s(2).
-7
Let q(g) = -2*g**2 + g**2 - 38 - 6*g + 70 - 36. Calculate q(-4).
4
Let q(u) = -12*u**2 + 2*u + 1. Suppose 16 = 5*l + 21. What is q(l)?
-13
Let r(o) = -7 + 0 - 2 - 2*o. Let g be r(-7). Suppose 13 = 2*l - 5*y - 16, 5*l - g = -y. Let x(c) = -c**2 + 4*c - 2. Give x(l).
2
Let f(w) = 11*w. Suppose h = -0*h + 4*o + 6, -4 = 4*o. Determine f(h).
22
Let y(m) = m - 3. Suppose 0 = -5*o - 3*c + 28, -12*c = -4*o - 7*c + 15. Calculate y(o).
2
Let n(m) = m**2 - 4*m - 8. Let w be (4 + 3)*(-12)/(-14). Let q be n(w). Let c(k) = 10*k**2 - 1 + 6*k**2 - 5*k - 15*k**2. Give c(q).
-5
Let x(s) = -4*s + 12. Let j(n) = -5*n + 13. Let f(u) = -5*j(u) + 6*x(u). Suppose -3*b - 4*c - 10 = 0, b + 2*c = -4*b - 26. What is f(b)?
1
Suppose 5*p = -3*u - 18, -3*u - 12 = -u - p. Let f(a) = a + 8. Give f(u).
2
Let n(s) = 2*s**3 - 3*s**2 + s. Let x be 4/(-10) + (-76)/10. Let q = x + 5. Let o = -1 - q. What is n(o)?
6
Let t(z) = -z**2 - 2*z - 2. Let i(d) = -d**2 - d - 1. Let u(s) = 2*i(s) - 3*t(s). Suppose 0 = -3*y - 3*x - 30, -y - 3 = -x + 3. Let p = y + 5. Determine u(p).
1
Suppose 21 = 5*n + 6. Suppose -n*x = a + 8, a + 3*x = 4*x + 8. Suppose -a*o - 7 = 13. Let c(d) = d**2 + 6*d - 2. Determine c(o).
-7
Let g(w) = -w**3 - 3*w**2 + 5*w. Let y be g(-4). Let o(j) = j**2 + 6*j + 2. Determine o(y).
-6
Let v(s) be the first derivative of s**5/60 + s**4/8 - 2*s**3/3 - s**2/2 - 3. Let i(w) be the second derivative of v(w). What is i(-5)?
6
Let i(o) = -o + 1. Let h(q) = -4*q. Let s(z) = -h(z) + 2*i(z). Let c = 22 - 20. Determine s(c).
6
Let r(s) be the second derivative of -s**3/6 + 6*s**2 - 9*s. Calculate r(5).
7
Let b(j) be the second derivative of -2*j**2 - 1/12*j**4 + 4*j + 4/3*j**3 + 0. Give b(5).
11
Let l(o) = 3*o - 6. Let a(r) = 3*r - 5. Let d(k) = 6*a(k) - 5*l(k). Determine d(2).
6
Let j(a) = -3*a**2 + 11*a + 18. Let q(u) = 3*u**2 + 4*u + 6. Let l(w) = -w**2. Let p(f) = -4*l(f) - q(f). Let t(s) = -6*j(s) - 17*p(s). Give t(-5).
9
Let o(l) = -7*l**2 - 4*l + 8. Let n(s) = -20*s**2 - 11*s + 23. Let r(f) = -6*n(f) + 17*o(f). Give r(3).
1
Let a(u) = u**3 + 5*u**2 + 5*u + 6. Let l(p) = -p - 1. Let g be l(-4). Suppose 4 + 0 = 2*t + g*d, 0 = 3*t - 5*d + 32. What is a(t)?
2
Let r(u) = -u**3 + 5*u**2 + 2. Let f = 14 + -9. Determine r(f).
2
Let v(p) = -5*p + 4. Let y(o) = 2*o - 2. Let i(w) = 3*v(w) + 7*y(w). Let h be (-3 + 2)/((-1)/5). Suppose -13 = -5*z + 4*d, 3*z + 13 = h*z + d. What is i(z)?
-7
Let m be (-3)/(1/1) + 3. Suppose 0 = -4*c - k + 15, 4*c + m*c - 6 = 2*k. Let a(f) = f**3 - 2*f**2 - 4*f + 3. Determine a(c).
0
Let s be (-1 + 6)*4*(-3)/15. Suppose 2*k + 0 - 8 = 0. Let x(q) = 5*q**2 + 7 + q**3 - 2 - k + 4*q. Calculate x(s).
1
Suppose -2*q + 18 - 4 = o, -41 = -4*o - 5*q. Let a(n) be the second derivative of 1/2*n**2 + 2*n + 0 + 1/12*n**o + 1/6*n**3. Give a(0).
1
Let q(s) = s + 2. Let z be q(-6). Let j = 5 - 3. Let i(l) = -l + 5*l**2 - 3 - 4*l**j + 2*l + l. Give i(z).
5
Let f(y) = y + 18. Let r(b) = -2*b - 19. Let p(x) = 4*f(x) + 3*r(x). Calculate p(12).
-9
Suppose a - 5 = -3*o, 0*o - 3 = -o. Let d(p) be the first derivative of -p**4/4 - 5*p**3/3 - 2*p**2 - p + 2. Calculate d(a).
-1
Let p(r) = -7*r**2 - r**2 + 12*r**3 - 9 - 4*r - 13*r**3 + 2*r**2. Determine p(-6).
15
Let v(x) = -x**3 - 2*x**2 - 4*x - 2. Let u(b) = b**3 + 12*b**2 - 14*b - 15. Let y be u(-13). Calculate v(y).
6
Let g(j) = 2*j**2 - 16*j + 6. Let y be g(8). Let o(z) = -z**2 + 5*z + 6. Determine o(y).
0
Let w(z) = 2*z + 4. Let a(s) = -1. Let l(m) = -5*m - 8. Let t(c) = 5*a(c) + l(c). Let r(k) = 3*t(k) + 8*w(k). What is r(6)?
-1
Let i(t) = t + 9. Suppose -3*h = 4*f + 11 - 42, 0 = 4*f + 5*h - 33. Give i(f).
16
Let i = -15 - -12. Let v(d) = d**2 + 4*d. What is v(i)?
-3
Let x be (-7 - 1)/(-2*1). Let v = -12 + 7. Let i(m) = 3*m**2 + 15*m - 5. Let r(a) = 5*a**2 + 23*a - 7. Let t(f) = v*r(f) + 8*i(f). Determine t(x).
-1
Let f(s) = 38*s - 16*s - 14*s + 4. Give f(-3).
-20
Let h(u) be the second derivative of -5*u**4/6 - u**2/2 + 3*u. What is h(-1)?
-11
Let b = 2 + -5. Let f(i) = 1 - 5*i + 0 + 4*i. Determine f(b).
4
Let n be (-116)/(-14) + -4 + (-6)/21. Let d(c) be the third derivative of 1/3*c**3 + 0*c + 1/60*c**5 - 1/8*c**4 + c**2 + 0. Calculate d(n).
6
Let n(g) = -2*g. Let h = 2 - 5. Let y(k) = k**2 + 2*k - 3. Let x be y(h). Let c be (1 + -2)/(x + 1). Determine n(c).
2
Let j(a) = a**3 - 8*a**2 + 7*a + 6. Let w be j(7). Let b = w - 5. Let u(q) = 12*q. Give u(b).
12
Let k(o) = -4*o + 3*o + 4 - 5. What is k(6)?
-7
Let h(y) be the second derivative of -y**5/20 - y**4/4 - y**3/6 + y**2/2 - 19*y. What is h(-3)?
4
Suppose 4*g - 3*g = -2*l - 5, 3*l + 7 = -2*g. Let n(v) = -v**3 - 3*v**2 + 3*v + 3. What is n(l)?
-6
Let o(a) be the first derivative of a**3/3 - a**2/2 - 4*a - 17. What is o(-3)?
8
Suppose -g + 2*l + 6 = 5*l, -2*g - 24 = -3*l. Let k(b) = b**3 + 7*b**2 + 5*b - 4. Give k(g).
2
Let t(j) = -j - 1. Let m be t(-3). Let l(x) = -42*x**2 - 2*x + 40*x**2 - m - x**3 + 1. Give l(-2).
3
Let f(l) = -8*l. Let s(n) = 2*n**3 + 2*n**2 - 4*n + 1. Let d be s(-2). Determine f(d).
-8
Let w(f) = -f**3 + 5*f**2 + f - 3. Let o = 77 - 72. Determine w(o).
2
Suppose -c = -d + 5, 3*d = 4*c + 14 + 6. Let h(l) = -l**2 - l + 4. Calculate h(d).
4
Let o(w) = w - 4 + 62*w**2 + 3 - 63*w**2. Determine o(3).
-7
Let z(j) = 3 + 3 + 2 + j - 1. What is z(-5)?
2
Let r(q) = 5 - 34*q**2 + 4*q + 35*q**2 - 5. Determine r(-3).
-3
Let g(d) be the second derivative of -d**3/3 + 7*d**2/2 + 5*d. Let q be g(6). Let o(u) = -u**3 - 6*u**2 - 7*u - 1. Give o(q).
9
Let k(d) = -d**2 + 2*d + 3. Suppose 0*a + 3*a = 27. Suppose 0 = -a*g + 4*g + 15. Calculate k(g).
0
Let j(r) = -77 + 77 + r. What is j(7)?
7
Let y be (10 - 9)/(1/5). Let u(w) be the third derivative of -2/3